{"id":100,"date":"2019-03-17T19:45:34","date_gmt":"2019-03-17T18:45:34","guid":{"rendered":"http:\/\/csh-woluwe.be\/?page_id=100"},"modified":"2021-02-01T16:19:12","modified_gmt":"2021-02-01T15:19:12","slug":"clinique-du-sport-csh-woluwe","status":"publish","type":"page","link":"https:\/\/csh-woluwe.be\/?page_id=100","title":{"rendered":"Clinique du Sport CSH Woluw\u00e9"},"content":{"rendered":"<ul>\n<li>Traumatologie sportive<\/li>\n<li>Revalidation<\/li>\n<li>Soins des pieds<\/li>\n<li>Analyse de la marche et de la course<\/li>\n<li>\u00c9tude de biom\u00e9canique<\/li>\n<li>Bilan nutritionnel\n<ul>\n<li>Optimisation de l&#8217;alimentation avant, pendant et apr\u00e8s l&#8217;effort<\/li>\n<li>\u00c9tude de la composition corporelle par imp\u00e9dancem\u00e9trie<\/li>\n<li>Renforcement musculaire<\/li>\n<li>Douleurs articulaires et tendineuses<\/li>\n<\/ul>\n<\/li>\n<\/ul>\n","protected":false},"excerpt":{"rendered":"<p>Traumatologie sportive Revalidation Soins des pieds Analyse de la marche et de la course \u00c9tude de biom\u00e9canique Bilan nutritionnel Optimisation de l&#8217;alimentation avant, pendant et apr\u00e8s l&#8217;effort \u00c9tude de la composition corporelle par imp\u00e9dancem\u00e9trie Renforcement musculaire Douleurs articulaires et tendineuses<\/p>\n","protected":false},"author":1,"featured_media":0,"parent":0,"menu_order":0,"comment_status":"closed","ping_status":"closed","template":"","meta":{"footnotes":""},"class_list":["post-100","page","type-page","status-publish","hentry"],"_links":{"self":[{"href":"https:\/\/csh-woluwe.be\/index.php?rest_route=\/wp\/v2\/pages\/100","targetHints":{"allow":["GET"]}}],"collection":[{"href":"https:\/\/csh-woluwe.be\/index.php?rest_route=\/wp\/v2\/pages"}],"about":[{"href":"https:\/\/csh-woluwe.be\/index.php?rest_route=\/wp\/v2\/types\/page"}],"author":[{"embeddable":true,"href":"https:\/\/csh-woluwe.be\/index.php?rest_route=\/wp\/v2\/users\/1"}],"replies":[{"embeddable":true,"href":"https:\/\/csh-woluwe.be\/index.php?rest_route=%2Fwp%2Fv2%2Fcomments&post=100"}],"version-history":[{"count":4,"href":"https:\/\/csh-woluwe.be\/index.php?rest_route=\/wp\/v2\/pages\/100\/revisions"}],"predecessor-version":[{"id":169,"href":"https:\/\/csh-woluwe.be\/index.php?rest_route=\/wp\/v2\/pages\/100\/revisions\/169"}],"wp:attachment":[{"href":"https:\/\/csh-woluwe.be\/index.php?rest_route=%2Fwp%2Fv2%2Fmedia&parent=100"}],"curies":[{"name":"wp","href":"https:\/\/api.w.org\/{rel}","templated":true}]}}