{"id":2,"date":"2018-02-05T13:33:21","date_gmt":"2018-02-05T12:33:21","guid":{"rendered":"http:\/\/csh-woluwe.be\/?page_id=2"},"modified":"2024-05-29T13:32:55","modified_gmt":"2024-05-29T11:32:55","slug":"page-d-exemple","status":"publish","type":"page","link":"https:\/\/csh-woluwe.be\/","title":{"rendered":"Centre Dentaire, M\u00e9dical et Param\u00e9dical Saint-Henri"},"content":{"rendered":"<ul>\n<li>Le Centre Dentaire, M\u00e9dical et Param\u00e9dical Saint Henri Woluw\u00e9 regroupe une \u00e9quipe m\u00e9dicale et param\u00e9dicale qui collaborent pour une prise en charge optimale du patient.<\/li>\n<li>Nos sp\u00e9cialistes et param\u00e9dicaux travaillent avec des m\u00e9decins prescripteurs ext\u00e9rieurs dans le plus grand respect des r\u00e8gles d\u00e9ontologiques.<\/li>\n<li>En plus des services m\u00e9dicaux et param\u00e9dicaux le CSH-Woluw\u00e9 regroupe trois cliniques:\n<ul>\n<li><a href=\"http:\/\/csh-woluwe.be\/?page_id=98\">La clinique du poids CSH-Woluw\u00e9<\/a><\/li>\n<li><a href=\"http:\/\/csh-woluwe.be\/?page_id=95\">La clinique du sommeil CSH-Woluw\u00e9<\/a><\/li>\n<li><a href=\"http:\/\/csh-woluwe.be\/?page_id=100\">La clinique du sport CSH-Woluw\u00e9<\/a><br \/>Trois domaines ou nos \u00e9quipes excellent dans le diagnostic et le traitement global au sein d&#8217;une vision \u00e9volutionniste<\/li>\n<\/ul>\n<\/li>\n<\/ul>\n\n\n<p><strong>Prendre rendez-vous avec nos praticiens<\/strong><\/p>\n\n\n\n<ul class=\"wp-block-list\">\n<li>Soit par SMS (<a href=\"https:\/\/csh-woluwe.be\/?page_id=35\" data-type=\"page\" data-id=\"35\">voir ici<\/a>)<\/li>\n\n\n\n<li>Soit sur <a href=\"https:\/\/www.doctoranytime.be\/\">DocAnytime<\/a><\/li>\n<\/ul>\n","protected":false},"excerpt":{"rendered":"<p>Le Centre Dentaire, M\u00e9dical et Param\u00e9dical Saint Henri Woluw\u00e9 regroupe une \u00e9quipe m\u00e9dicale et param\u00e9dicale qui collaborent pour une prise en charge optimale du patient. Nos sp\u00e9cialistes et param\u00e9dicaux travaillent avec des m\u00e9decins prescripteurs ext\u00e9rieurs dans le plus grand respect des r\u00e8gles d\u00e9ontologiques. En plus des services m\u00e9dicaux et param\u00e9dicaux le CSH-Woluw\u00e9 regroupe trois cliniques: &hellip; <\/p>\n<p class=\"link-more\"><a href=\"https:\/\/csh-woluwe.be\/\" class=\"more-link\">Continuer la lecture<span class=\"screen-reader-text\"> de &laquo;&nbsp;Centre Dentaire, M\u00e9dical et Param\u00e9dical Saint-Henri&nbsp;&raquo;<\/span><\/a><\/p>\n","protected":false},"author":1,"featured_media":0,"parent":0,"menu_order":0,"comment_status":"closed","ping_status":"open","template":"","meta":{"footnotes":""},"class_list":["post-2","page","type-page","status-publish","hentry"],"_links":{"self":[{"href":"https:\/\/csh-woluwe.be\/index.php?rest_route=\/wp\/v2\/pages\/2","targetHints":{"allow":["GET"]}}],"collection":[{"href":"https:\/\/csh-woluwe.be\/index.php?rest_route=\/wp\/v2\/pages"}],"about":[{"href":"https:\/\/csh-woluwe.be\/index.php?rest_route=\/wp\/v2\/types\/page"}],"author":[{"embeddable":true,"href":"https:\/\/csh-woluwe.be\/index.php?rest_route=\/wp\/v2\/users\/1"}],"replies":[{"embeddable":true,"href":"https:\/\/csh-woluwe.be\/index.php?rest_route=%2Fwp%2Fv2%2Fcomments&post=2"}],"version-history":[{"count":12,"href":"https:\/\/csh-woluwe.be\/index.php?rest_route=\/wp\/v2\/pages\/2\/revisions"}],"predecessor-version":[{"id":215,"href":"https:\/\/csh-woluwe.be\/index.php?rest_route=\/wp\/v2\/pages\/2\/revisions\/215"}],"wp:attachment":[{"href":"https:\/\/csh-woluwe.be\/index.php?rest_route=%2Fwp%2Fv2%2Fmedia&parent=2"}],"curies":[{"name":"wp","href":"https:\/\/api.w.org\/{rel}","templated":true}]}}